**3 + 2*k**2 - k - 1. Let l be w(2). List the prime factors of l + 3 + 2*4.
2
Suppose -a + 3*x + x = 19, -4*x + 12 = 0. Let i = a - -12. What are the prime factors of i?
5
Let z = 6 - 9. Let y(a) = -5*a - 1. What are the prime factors of y(z)?
2, 7
Let o = -5 - -8. Suppose -o*p + 3*k + 18 = 0, -2*p - 3*k + 6 = 4. List the prime factors of p.
2
Let p be (-6)/33 + 40/(-22). Let c = p - -7. List the prime factors of c.
5
Let d(j) = -j**2 - 3*j + 3. Let l be d(-3). Suppose 0 = -3*p - 6*i + i, 2*p = 3*i. Let k = l - p. What are the prime factors of k?
3
Let p(s) = s**2 - 5*s - 13. List the prime factors of p(13).
7, 13
Suppose 2*j - j = 0. Suppose -5*b + 2*v + 23 = 0, 2*b + 4*v - 3 + 13 = j. What are the prime factors of (-1 - 0)*(-27)/b?
3
Let x(v) be the second derivative of v**6/360 - v**5/40 - v**4/8 - v**3/6 - 3*v. Let i(k) be the second derivative of x(k). List the prime factors of i(-3).
3, 5
Suppose 37 = 5*m + 7. List the prime factors of m.
2, 3
Let h(p) be the first derivative of p**3/3 - p + 4. What are the prime factors of h(3)?
2
Suppose 999 = 8*y + 127. What are the prime factors of y?
109
Suppose 3*s + 3*p - 10 = 23, 0 = 2*s - 5*p + 13. Suppose 0 = -5*v + 2*v - s, v = 4*r - 30. Suppose 0 = 2*l - 3 - r. List the prime factors of l.
5
Let u(l) = l**2 + 4*l - 5. Let f be u(-4). What are the prime factors of 1 - (-3 + 4) - f?
5
Suppose 4*x + x = -10. List the prime factors of 27 + x + (-1 - 0).
2, 3
Suppose 4*t - 5*t + 3 = 0. Suppose u = t*l - 26, 0*l + l - 3*u = 22. What are the prime factors of l?
7
Let g be 10 + 2 + -2 + -3. Suppose 1 = 2*o - g. List the prime factors of o.
2
Let s(d) = -3*d - d**3 + 5*d**2 - 3 - d**3 + d**3. List the prime factors of s(3).
2, 3
Suppose 0 = 5*h + 5, -3*h - 1 = x - 2*h. What are the prime factors of ((2 - x)*-27)/(-2)?
3
Suppose 4*z - 112 = -5*q + 2*q, 4*q - 28 = -z. List the prime factors of z.
2, 7
Let p(t) = -9*t + 5*t + 3*t. What are the prime factors of p(-4)?
2
Let b(g) = -12*g**3 - g**2 + 1. Let m(w) = -w**2 + 6*w - 5. Let q be m(5). Suppose -3*v + q*v + 5*y - 3 = 0, -4*y = -5*v - 5. List the prime factors of b(v).
2, 3
Suppose -3*r - 8 = 7. Suppose o - 30 = -3*o + 3*u, 5*u = 10. Let z = r + o. List the prime factors of z.
2
Let b = -61 - -31. Let t = b - -46. List the prime factors of t.
2
Suppose -m = -2*m + 3. Suppose m*q = 6 - 0. Suppose -4*r + 22 = q*i, 3*r - 2*i - i + 6 = 0. What are the prime factors of r?
3
Let y = -31 - -69. Let f = y + -22. What are the prime factors of f?
2
Let w be (6/(-5))/((-4)/10). Suppose -5 = w*j - 17. List the prime factors of j.
2
Let z = -14 + 6. Let o(j) = -j**2 - 8*j + 3. Let f be o(z). Suppose q - f = -0. What are the prime factors of q?
3
Let v(f) = -f**2 - 12*f - 13. Let j be v(-9). Let n(w) = -24*w + 1. Let b be n(-1). Let y = b - j. What are the prime factors of y?
11
Suppose -3*v + v + 5*s = 14, -2*v - 2 = -2*s. Let x be (3/6)/(1/6). Suppose v*b = b + 5*z + 17, x*z + 71 = 5*b. What are the prime factors of b?
2
Suppose -1 = x + 5*r, -3*x - 1 = 3*r + 2. Let b(l) = -2 + 11*l**2 + 1 - l + 2*l**2. What are the prime factors of b(x)?
13
Let s be -16*((-1)/2 - 0). Let z be (6/9)/((-4)/30). Let m = z + s. List the prime factors of m.
3
Let i = 156 + -30. What are the prime factors of i?
2, 3, 7
Suppose 3*p + 16 = 2*a, -a + 3*p - 10 = 6*p. Let j(q) = 4*q**2 - 2 + 2 - q**3 - 2*q + 3. List the prime factors of j(a).
7
Suppose -5*w + q + 0 = 5, -4*w + 4*q = 4. Let g(c) = -3*c. Let n be g(w). List the prime factors of n/(-15) + (-108)/(-15).
7
Let d(l) = -l**3 - 10*l**2 - 19*l - 10. What are the prime factors of d(-9)?
2, 5
Suppose -39 = -5*z + 56. What are the prime factors of z?
19
Let j = 87 - 84. List the prime factors of j.
3
Let u be 31/2 + (-12)/8. Suppose 5*h = 4*n + 179, -4*h - 2*n + u + 150 = 0. List the prime factors of h.
3, 13
Suppose -1 = 5*f - 16. What are the prime factors of (-2)/f*(-156)/8?
13
Suppose 62 = h - d, 5*h - h + 3*d - 283 = 0. What are the prime factors of h?
67
Suppose -5*k - 31 = 4*i, -3*i = -1 + 13. What are the prime factors of (9/2 + k)*8?
2, 3
Let g(h) = 10*h + 7. Let d be g(5). Let c = d - 15. What are the prime factors of c?
2, 3, 7
Suppose -3*i = -2*i - 17. Let m = 22 - i. What are the prime factors of m?
5
Let m be (2/(-4))/(3/(-12)). Let l(n) = -n**2 + 6*n - 2. Let v(g) = g + 1. Let h(f) = m*v(f) + l(f). What are the prime factors of h(6)?
2, 3
Let k be (-530)/(-8) - (-1)/(-4). Let x be (k/12)/(1/(-2)). Let z = x - -18. What are the prime factors of z?
7
Suppose 100 = 5*a - 2*d, 64 = 5*a - d - 36. List the prime factors of a.
2, 5
Let z(o) = 2*o**2 - 4*o + 13. What are the prime factors of z(4)?
29
Let f = -13 - -31. Let j be (-4)/f - (-344)/9. What are the prime factors of (-6)/27 - j/(-9)?
2
Let i(w) = -w**3 + 9*w**2 - 11*w - 3. Let z be i(8). Let c = -19 - z. Suppose c*m - 3*u - 41 = 3*m, 13 = m + u. List the prime factors of m.
2, 5
Let k(i) = 2*i**3 - 2*i**2 - 5*i + 2. Let t be k(4). Suppose t = 5*w - v - 2*v, 3*w + 4*v - 41 = 0. What are the prime factors of w?
3, 5
Let o(a) = 9*a**2 + 4*a + 4. List the prime factors of o(-6).
2, 19
Suppose 2*k - 5*f - 16 = 21, -f - 5 = 0. Let v = k + 1. What are the prime factors of v?
7
What are the prime factors of (-2)/(-8) - (4 - 614/8)?
73
What are the prime factors of (5 + 226/4)*(-20)/(-6)?
5, 41
Suppose 456 = -73*v + 77*v. List the prime factors of v.
2, 3, 19
Suppose q + 2*q = 117. List the prime factors of q.
3, 13
Let q be ((-4)/(-5))/(3/(-45)). Let j be (-248)/q - 2/3. Suppose -r = -3*r + j. What are the prime factors of r?
2, 5
Suppose -f = -4*n + 36, -4*n + 11 = -4*f - 13. Suppose 4*a - n*a = -72. What are the prime factors of a?
2, 3
Suppose 2*w = -f - 2, -f + 5 = -5*w - 0*w. Suppose f = i - 3. Suppose -x - 3*x = -i*b - 30, 5*x - 4*b - 38 = 0. List the prime factors of x.
2, 3
Suppose 3*s - 30 = 2*s + 2*j, 0 = -3*s - 3*j + 81. Suppose -4*d + 13 = -3*v - 36, 4*d + 3*v - 79 = 0. Let x = s - d. What are the prime factors of x?
2, 3
Suppose 3 = 3*p - 6. Suppose -13 = -p*g - 4*r, -2*g + 2 = -r + 5*r. Let j(h) = -h**3 + 10*h**2 + 12*h - 3. List the prime factors of j(g).
2
Let g(b) = -b + 6. Let m(d) = -d**2 + 7*d + 11. Let y be m(8). Suppose y*i - 19 = -j, -i = j - 4*i + 11. What are the prime factors of g(j)?
2
Suppose 4 = -3*a - 4*h + 9, -a - h = -2. Suppose 4*y + 76 = -5*b, -y + 44 = -3*b - a*y. Let t = -4 - b. List the prime factors of t.
2
List the prime factors of (3/(-3))/(2/(-122)).
61
Suppose 0 = 2*t + 5 - 3. Let l(w) = -20*w - 1. List the prime factors of l(t).
19
List the prime factors of 932/7 + (-4)/28.
7, 19
Let t = -152 + 228. What are the prime factors of t?
2, 19
Let l(n) = n**2 - 2*n + 5. Let z be l(0). Suppose 5*i - h = -z*h + 126, -i - 3*h + 34 = 0. List the prime factors of i.
2, 11
What are the prime factors of 6/4 - (254/(-4) - -3)?
2, 31
Suppose -10 = -4*v + 2. Suppose v*n + 0*n = 9. Suppose n*s - 4 = 2. List the prime factors of s.
2
Suppose -2*o + 0*o - 4 = 4*r, -3*r = -5*o - 10. Let t be o + (-3)/((-3)/1). What are the prime factors of 2 + (3 + t - -2)?
2, 3
Suppose c + 19 = 4*c + 5*r, 0 = 3*r - 6. What are the prime factors of (2/(-2))/c*-78?
2, 13
Suppose 10*h + 5*u - 350 = 5*h, -4*h - 2*u + 282 = 0. What are the prime factors of h?
71
Let q = -5 - -8. Suppose 17 = 4*z - q. List the prime factors of z.
5
Let y(c) = -c**3 + c**2 + c - 1. Let j(v) = -6*v**3 - v**2 + 3*v + 4. Let p(k) = -j(k) + 5*y(k). List the prime factors of p(-5).
2, 3
Let x(h) = 5*h**2 + h + 1. Suppose v - 4*f + 21 = 0, -2*v - 20 = 3*v - 3*f. List the prime factors of x(v).
5
Let r(t) = 2*t - 42. Let c be r(0). Let y = 62 + c. List the prime factors of y.
2, 5
Let y = 10 + -10. Suppose -5*m + 25 + 10 = y. List the prime factors of m.
7
Let u(y) = 4*y**3 - 4*y**2 - 2*y + 7. List the prime factors of u(3).
73
Suppose 2*o = 4*c + 84, 0 = 4*o + c - 103 - 38. What are the prime factors of o?
2, 3
Let k = 86 - 58. List the prime factors of k.
2, 7
Let w(c) = -c**2 + 12*c - 8. What are the prime factors of w(10)?
2, 3
Let v(y) = 5*y + 8*y - 2 - 8*y. Let s be v(2). Let n = s - 6. List the prime factors of n.
2
Let q be (-5)/(-20) - 3/12. Suppose -4*b + 98 = 3*u, -u + 5*b + 4 - 3 = q. What are the prime factors of u?
2, 13
Let g(r) = -3*r - 3. Let o be g(-2). Let w = o + 7. List t